v + h. Is a composite?
False
Let o be 64/(-10) - (-2)/5. Suppose 34*t = 33*t + 43. Let x = t + o. Is x a prime number?
True
Suppose -3*s + 12463 = 5*g - 2*s, 3*g + 4*s = 7471. Let x(p) = 13*p**3 - 6*p**2 - p. Let v be x(3). Let c = v + g. Is c composite?
True
Let p be 6 - 9 - (6/(-2) - 2679). Suppose -p = 5*h - 11944. Is h composite?
True
Suppose 972*y - 976*y = -235556. Is y a composite number?
False
Let d(v) = 5*v**2 - 12*v - 9. Let i be d(-2). Suppose -2*c + 5*u = 0, -c - u + 22 = 2*u. Is 2 + 5750/14 + c/i composite?
True
Suppose 18*p - 27*p + 18 = 0. Suppose -5*l - p*a - 2*a = -155, 3*a = -15. Is l prime?
False
Suppose -5*g - 3*y + 9 = -11, y = -3*g + 8. Is (105/(-45))/(g/(-3147)) a composite number?
True
Let s(l) = 82*l**2 + 6*l - 43. Let i be s(7). Let n = -1376 + i. Is n a prime number?
False
Is (-325949 + (-22)/11)*3/(-3) a prime number?
True
Let s(f) = 3244*f**2 - 3*f - 4. Let b be s(-1). Suppose 4*n - b = 5*y + 6399, 5*n = 5*y + 12055. Is n a prime number?
False
Suppose 5*f - 42 = -f. Let w be 6/(-21) - (-23)/f. Suppose -127 = -4*s + w*s. Is s prime?
True
Suppose 14*i + 25*i + 8*i - 5567291 = 0. Is i a prime number?
True
Let u(z) = 3428*z + 1739. Is u(21) composite?
False
Let s = 56 - 22. Suppose 14*l + 103780 = s*l. Is l prime?
True
Suppose 5*u = -4*r + 657977, -2*r = 5*u - 456256 - 201715. Suppose 0 = -10*s + 21*s - u. Is s a prime number?
False
Suppose -26087 - 59870 = -10*y + 78933. Is y a composite number?
True
Let k(g) = -3569*g + 3671*g + 5779*g - 4 + 72 + 74. Is k(3) prime?
False
Let q = 124 + 258. Suppose k = -k + q. Is k a prime number?
True
Is (-1045047)/(-8) - (-9)/72 a prime number?
True
Suppose -4*r = 23 + 33. Let t(q) = q**2 + 16*q + 33. Let n be t(r). Suppose -508 = -n*s + s. Is s composite?
False
Let p = -17 - -65. Let d(y) = -46*y - 7. Let l be d(-3). Let o = l - p. Is o a prime number?
True
Let u = 910 + 12019. Is u composite?
True
Let g(k) = -k**3 - 4*k**2 + 3*k - 1. Let i be g(-5). Suppose m + i = 4*m, -24 = 3*p - 5*m. Is 1/p*(-596 + -1) a composite number?
False
Let m(a) be the first derivative of 86 - 5*a - 77 - 16*a**2 + 0*a. Is m(-12) a prime number?
True
Let x be (28/1)/(-4)*28. Suppose 7*j + 91 = 8*j. Let k = j - x. Is k a composite number?
True
Suppose -1 = -f - t + 3, -4*t = -3*f + 12. Suppose 15 = -m + f*m. Suppose 2*b + 0*k = -k + 259, 0 = -m*b + 5*k + 670. Is b composite?
False
Suppose -n - 2*c - c + 44942 = 0, c = 5*n - 224630. Is n a composite number?
False
Let t(v) = v**3 + 2*v**2 - 6*v - 1. Let p be t(2). Suppose -22 = -k + 3*w - 2*w, 0 = -p*k - 4*w + 52. Suppose -16*m = -k*m + 11108. Is m prime?
True
Suppose -8*s = 20*s - 668332. Is s prime?
True
Is (-190)/228 - (-1108401)/18 composite?
True
Suppose -2*h + 792170 = -4*q, -3*h - q + 811790 = -376444. Is h prime?
True
Is 12/(-42) + ((-15)/(-60) - 3851514/(-56)) prime?
True
Let t be (-6)/(-15) + (-2113)/(-5) + 2. Let v = 444 + t. Is v composite?
True
Suppose p + 9 + 40 = -2*v, -5*p - v - 290 = 0. Let w = p + 59. Suppose 0 = 5*d - 2*u - 4863, 3*d - 5*d + u + 1945 = w. Is d composite?
True
Suppose 14*g + 129612 = -14*g. Let b = -2050 - g. Is b a composite number?
False
Let g(s) = -1589*s**3 + s**2 + 144*s + 717. Is g(-5) a prime number?
True
Let b = 445 + -354. Let w = 1431 + b. Is w composite?
True
Let l = 149 - 130. Let h(i) = -19*i**2 + 9*i**3 - l*i**3 - 50 + 9*i**3 + 0*i**2 + 25*i. Is h(-21) a prime number?
True
Let q be ((-40)/60)/((-8)/(-54))*-2. Suppose -q*z + 4726 + 33821 = 0. Is z prime?
True
Suppose -6*h = -8*h + 20. Let d(q) = q**2 - 8*q - 20. Let i be d(h). Is 6*46/4 - i - 0 a composite number?
True
Let b be 29/(-5) + (-1)/5. Let u(k) = -k - 29*k**2 + 9 + 33*k**2 - 3*k. Is u(b) composite?
True
Let n(s) = 38*s - 230. Let q be n(6). Is (-93505)/((q + 1)*5) prime?
True
Let g(o) = 3*o**2 + 4*o - 7. Let p be g(-3). Suppose -p*h - 22 = 10. Is 1*(2 + (-1164)/h) a composite number?
False
Let b = 23 + -64. Let f = 41 + b. Suppose -2*h + 1236 + 606 = f. Is h a composite number?
True
Suppose -6*o - 2*c = -593336, -52*o - 197753 = -54*o + 3*c. Is o a composite number?
False
Let p = 60608 - 32565. Is p a composite number?
True
Let r(z) = 2*z**2 + 87*z + 41. Let f be r(-43). Is -2*(-9)/(-12) - 9409/f prime?
True
Suppose 6*i + 724819 = 6*g + 11*i, -3*g + i + 362392 = 0. Is g a prime number?
False
Suppose 5*c + 1227006 = 17*t - 14*t, 2045029 = 5*t - 2*c. Is t a prime number?
True
Let o(t) = -3*t**3 - 19*t**2 + 3*t - 1. Let n be o(-10). Let s = n + 2148. Is s prime?
True
Let i(w) = 1831*w + 193. Suppose 53 - 25 = 7*l. Is i(l) prime?
True
Let f = -2318 - -1561. Let j = 330 - f. Is j a composite number?
False
Suppose 5*p - 17*l = -12*l - 7710, l - 1 = 0. Let c(d) = -101*d**3 - 4*d**2 - 2*d + 1. Let q be c(-3). Let z = q + p. Is z composite?
True
Suppose 276*r = 213*r + 105462693. Is r a composite number?
False
Suppose 0 = 4*y + 5*g + 26, -18 = 3*y + g + 2*g. Is (5 + y)*(-1 + 2 - -2018) a composite number?
True
Let w = -648178 + 932832. Is w a prime number?
False
Let r = 245 - 240. Is (-3 + 4 - (r - 1)) + 5230 a prime number?
True
Suppose 4*c + 2*o - 200084 = 0, c = -306*o + 308*o + 50011. Is c composite?
True
Let a(f) = -438*f + 177. Let m be a(-26). Suppose 0 = -2*s - 7*s + m. Is s a prime number?
False
Suppose -229*u + 18716739 = -100*u. Is u composite?
False
Suppose -3 = 17*y - 18*y. Suppose -4*a = -4*c - 186080 + 28648, y = c. Is a prime?
False
Let t(h) = h - 7. Let o be t(7). Suppose -5*b + 2*c + 16 = o, 5*b - b - 2*c = 12. Suppose 0 = b*x - 2477 - 879. Is x composite?
False
Let t(w) be the second derivative of -w**5/20 - 7*w**4/12 + 14*w**3/3 - 29*w**2/2 + 3*w - 14. Is t(-21) prime?
True
Let v = 2032166 - 868345. Is v a prime number?
True
Let d(p) = -100*p - 41. Let k be d(-17). Let m = -850 + k. Let g = m - 222. Is g prime?
True
Let s(p) = 6*p**2 - 34*p - 24. Let i be s(-8). Suppose 0 = 9*y - 790 - i. Is y composite?
True
Is (1 + 9/(-5))/((-4)/1816470*9) a prime number?
False
Let c(b) = b**3 - 4*b**2 + 6*b - 6. Let o be c(3). Suppose -o*w = j - 17, 2*j = -w + 6 + 8. Suppose -j*t + 2515 = -t + k, 5*k - 624 = -t. Is t a prime number?
False
Suppose 5*g = 2*r + 27, 19*g = 20*g + 5*r. Suppose -a + g*w + 21081 = 3*a, 3 = -3*w. Is a a composite number?
True
Suppose -407 = 3*n + 157. Let k = n + 255. Is k prime?
True
Suppose 403*p - 77*p - 76344453 - 10223869 = 0. Is p composite?
False
Suppose s - 808 = -s. Let f = -659 + -54. Let i = s - f. Is i a prime number?
True
Let u(h) = 1120*h - 4. Suppose 2*g + 0*g = -4. Let q be u(g). Is (q/(-24))/((-1)/(-2)) a composite number?
True
Let f be (-6)/(-15)*(-1 - -11) + 62. Is 9732/44 - 4 - 12/f a composite number?
True
Let k(f) = -2*f + 47. Let u be k(22). Suppose -3563 = -5*z - 3*l, 2 = -l + 3. Suppose -y = u*y - z. Is y a composite number?
True
Suppose -45*b = -34*b - 66913. Is 3/(-6)*(-3 + 0 - b) a composite number?
True
Let l = -5 + 31. Suppose l*s = 21*s - 54850. Is (-1)/2*s/5 a composite number?
False
Let g(i) = 142*i - 3702. Let s be g(59). Suppose 4*v - 60 = 4*h, h + 35 = 5*v + 4*h. Suppose -6*x = -v*x + s. Is x prime?
False
Let t(u) = 834*u**3 + 7*u**2 + 12*u - 9. Is t(4) a prime number?
True
Let y = 1440263 - 952290. Is y prime?
True
Suppose 196*k = 200*k + s - 284704, 3*k - 213547 = 4*s. Is k composite?
True
Let b = 17101 - 24602. Let y = b - -13256. Is y a prime number?
False
Suppose -176454 = -2*p - 4*t, -5*p - 192381 = 2*t - 633572. Is p composite?
False
Suppose 0*j + 10*j = 60. Let n(p) be the first derivative of 29*p**3/3 + 11*p**2/2 - 23*p + 1. Is n(j) a prime number?
True
Let f = -4348 + 3055. Let y be f/(-5 + 64/14). Suppose -i - 3*a + 6*a + 3017 = 0, 4*a - y = -i. Is i a prime number?
False
Let s(f) = -f**2 + 460 - 8*f + 445 - 166. Is s(0) prime?
True
Let l(j) = 1231*j**2 + 78*j + 1059. Is l(-16) prime?
False
Let j(f) be the second derivative of 28*f**3/3 + 19*f**2/2 + 7*f. Let c be j(-6). Is 2 - 0 - (0/(-1) + c) a composite number?
True
Let h = -21 + 26. Let t be h + -3 + -1 + 0. Is -2*t - (-11 - 998) prime?
False
Suppose 5*b - 3*i = 2*i + 6710, 3*i = 5*b - 6718. Suppose -34*h = -35*h + b. Is h a prime number?
False
Let m(k) = 3495*k**2 - 51*k + 25. Is m(-4) a prime number?
True
Suppose 3*y + 2*n = 95, 0 = y + 2*y + n - 97. Suppose -6*c - 3 = -y. Suppose -5*q + 680 = c*x, 3*q - 418 = -0*q - x. 